(j) - z(j). What is m(-6)?
-24
Let y(l) = 7*l + 17. Let m(n) = -2*n - 1. Let w be (6 + 5 + -16)/(-5). Let j(h) = w*y(h) + 3*m(h). Suppose -q = -2*q - 7. What is j(q)?
7
Let x be 2 - 9 - (-9)/(-3). Let g = 11 + x. Let f(u) = 2677*u - 2677*u - 7*u**3 - 3*u**3. Calculate f(g).
-10
Let j = -204 + 259. Let i(p) = -29*p - 22*p + j*p - 5. Give i(4).
11
Let q be ((-54)/12)/((-1)/(-36)). Let k = q + 172. Let j(s) = s**3 - 9*s**2 - 9*s + 1. Calculate j(k).
11
Let a(m) be the first derivative of m**4/4 - 3*m**2/2 + 4*m - 3392. Give a(-3).
-14
Let d(i) be the second derivative of -i**4/8 - 23*i**2 + 4*i. Let b(m) be the first derivative of d(m). Give b(1).
-3
Suppose 2*a = -o - 9, 36*o + 30 = -3*a + 40*o. Let u(p) = -2*p**3 - 11*p**2 + 3*p - 3. Determine u(a).
15
Let z(p) = -15 + 3 + 3 + 14 + 8 + 3*p. Determine z(4).
25
Suppose -1383 = 7*o - 1446. Let w(g) = 2*g**3 - 19*g**2 + 8*g - 8. Calculate w(o).
-17
Let q(i) be the first derivative of 7*i**2 - 4*i + 1601. Calculate q(2).
24
Let q(a) = 4*a - 8. Let c be (-12 - -8)/(1*8/12). Let s(v) = v - 1. Let b(w) = c*s(w) + 2*q(w). Calculate b(5).
0
Let c = -136 + 152. Let f(k) = -10 - 9*k**2 - k + 2*k + c*k**2 + 8 + 0. What is f(2)?
28
Let i(w) = -w**2 - 6*w. Let m(o) = -o**3 + 7*o**2 - 5*o + 4. Let j be m(6). Suppose 34*s = -12*s - 3726 - 2024. Let l be (s/j)/(-5)*8/(-5). Determine i(l).
8
Suppose 4*s = 5*l + 40, 4*s - 3*l = 21 + 19. Let f(z) = -z**2 + 5*z + 43. What is f(s)?
-7
Let p(g) = 1323 - 1316 - 8*g**2 + 7*g**3 - 6*g**3 + 14*g. Calculate p(3).
4
Let t = 10 - 6. Let w be 3*1 - (-7 - (-6 - 3)). Let b(n) = 6*n + w - 4 - 4 + n**2 + t. Determine b(-5).
-8
Let q(a) = 10*a - 37. Let z be q(5). Suppose -28*v + z = -71. Let f(g) = g**2 + 1. What is f(v)?
10
Let j = 123 - 53. Let i = -67 + j. Suppose -2*v = i - 1. Let g(y) = -20*y + 1. Give g(v).
21
Let x(n) be the second derivative of 0 + 2*n**2 - 197*n - 1/2*n**3. Calculate x(5).
-11
Let x(p) = -30*p**2 - 141*p + 73. Let d(a) = 39*a**2 + 188*a - 95. Let k(w) = 7*d(w) + 9*x(w). Calculate k(-16).
8
Let l(u) = -4*u - 14. Let p be l(-5). Let o(c) be the second derivative of c**4/12 - 3*c**3/2 + c**2 + 2*c + 427. Calculate o(p).
-16
Suppose 0 = -3*w + 12, -2*n + 5*n = 2*w + 1. Let f(m) = -n*m + 5 + 2*m - 3*m + 2*m. Let r be (-13)/(-3) + 3/(-9). Calculate f(r).
-3
Let d(n) be the third derivative of n**4/6 + 20*n**3/3 + 2*n**2 + 3107. Give d(-13).
-12
Let w(c) = -c. Let u(a) = -a - 18. Let t be u(-23). Suppose -t*z = -3*z - 5*n + 7, 3*z - 5*n - 2 = 0. What is w(z)?
-9
Let h = 2412 - 2412. Let a(k) = -2*k**2 + k - 11. Give a(h).
-11
Let k(w) be the second derivative of -w**5/20 + w**4/4 + w**3/2 - 5*w**2/2 + 5244*w. Let g be 18/4 - 1/2. Give k(g).
-9
Let m(x) = -x**2 + 33*x - 59. Let n be m(31). Let v(c) = -c**3 + 1 - 10032*c + 10031*c + c**2 + 0*c**n. Give v(0).
1
Let s(t) = -5*t**2 - 26*t - 9. Suppose 200*h + 34 - 4 = 194*h. Calculate s(h).
-4
Let r(g) = g**2 - 3*g. Let v(o) = -3*o**2 + 11*o - 181. Let a(p) = 4*r(p) + v(p). Let i be a(-13). Let f(h) = -9*h**3 + 2*h**2 - 2*h + 1. Calculate f(i).
-8
Let n = 2406 - 2403. Let q(t) be the third derivative of 0 + 0*t - 3*t**2 + 1/120*t**6 + 0*t**4 + 0*t**n + 1/60*t**5. Give q(-2).
-4
Let g(m) be the third derivative of -m**6/30 - m**5/60 + m**4/12 - m**3/6 + m**2 - 78*m. Give g(1).
-4
Let y(r) be the first derivative of 5*r**3/3 + 3*r**2 + 3*r - 2563. What is y(-4)?
59
Let x(s) = -161 + 55 + 54 - 18*s**2 + 51. Determine x(1).
-19
Suppose -4502*m + 4495*m - 28 = 0. Let l(a) = a**3 + 3*a**2 + 4*a + 5. What is l(m)?
-27
Let x(m) = m**3 + 7*m**2 + 6*m - 9. Let z(n) = n**2 + 45*n + 38. Let q be z(-1). Calculate x(q).
-9
Let v(g) = g**3 + 5*g**2 + 2*g - 5. Suppose -275 = -31*r + 26*r. Let q = 57 - r. Suppose 0 = 4*y + 4*x + 4, -3*y - q*x - 3 = 4. Calculate v(y).
-15
Let a(f) = -11*f + 2. Let c(h) = 3*h - 1. Let j(p) = -6*p + 10. Let y be j(1). Let s(n) = y*a(n) + 14*c(n). What is s(-4)?
2
Let h(o) = -149*o + 49*o + 46*o + 23 + 52*o. What is h(0)?
23
Let p(o) = 4*o - 31. Let r(c) = 4*c - 26. Let y(s) = -5*p(s) + 6*r(s). Let d(g) = -g - 4. Let h be d(-5). Suppose 4 = -3*x - 5*z + 1, -x - h = -3*z. Give y(x).
-5
Let h(u) = -2*u + 24. Suppose 0 = -4*b + 8*b - 68. Let q(w) = 6*w - 69. Let g(i) = b*h(i) + 6*q(i). What is g(-3)?
-12
Let x(z) = -z**2 + 7*z - 4. Suppose 126 = -5*i + 101, 0 = 4*y - 5*i - 61. Determine x(y).
-22
Let x(i) = 2*i**2 - 7*i - 2. Let r be 1*27/7 + 1/7. Suppose -1 = u + 2*m, 4*u = 3*m + 25 + r. Suppose 2*c + u*h = 0, -4*h + 9*h + 25 = 3*c. Determine x(c).
13
Suppose 2*k + 2*i + 6 = -2*i, -2*k = -5*i - 21. Suppose -117 = -4*t + 3*l, -k*t + l + 19 = -75. Let d(p) = -t*p - 30*p + 85*p - 23*p. Calculate d(-6).
6
Let x(i) = i**2 - 6*i + 1. Let z be (-2 - -1) + 1/(-1) + -40. Let k be 112/z*((-30)/(-8))/1. Let p be (5 - -1) + (-5)/k*-2. Determine x(p).
-4
Let x(h) = 2*h**2 - 6*h - 3. Suppose 0 = 17*n - 9*n - 16. Suppose 5*d = -n*d + 35. Determine x(d).
17
Suppose 441 = 40*y + 161. Suppose -2*v - 6 = -4*v. Let x(t) = t + 1. Let b(l) = l + 11. Let u(a) = v*x(a) - b(a). Calculate u(y).
6
Let j(f) = f - 7. Suppose 3*p + 6 = 5*p + 3*b, 2*p - 8 = -4*b. What is j(p)?
-7
Let i be ((-11)/(-3))/(56/168). Let g(y) = 2*y - 21. What is g(i)?
1
Let g(k) = 151*k + 3. Let x(l) = 554*l + 11. Let a(o) = -22*g(o) + 6*x(o). Let r = 0 + -6. Let j be -4 - (-5)/((-15)/r). Give a(j).
-4
Let k(r) = -5*r**3 + 13*r**2 + 14*r - 60. Let n(m) = 3*m**3 - 9*m**2 - 9*m + 40. Let j(t) = 5*k(t) + 8*n(t). Let z be 1 - (-12 - 19/(-1)). Determine j(z).
-4
Suppose -15*v + 20*v + 7 = -3*b, 5*v + b + 9 = 0. Let h(p) = 3*p**3 + 2*p**2 - 2. Determine h(v).
-18
Let s(h) = 4*h + 55. Let m = 6573 + -6584. Calculate s(m).
11
Let a be 7052 + (8 - -40)/(-8). Let t(c) = -2*c + a + c - 7039. Calculate t(4).
3
Let k(t) = -13*t**2 - 4*t + 18. Let v(s) = 11*s**2 + 3*s - 15. Let u(p) = -6*k(p) - 7*v(p). Let m be 1/(-2)*(20 - 2). Let o = -15 - m. Determine u(o).
15
Let k(d) = 6*d**3 - d**2 + d. Let g(t) = t**2 - 12*t + 33. Let l be (-54)/(-15) + (1 - 18/30). Let h be g(l). Give k(h).
6
Let i(j) = -13*j**2 - j - 2. Let q be i(-1). Let t(u) = 11*u**2 - u. Let d(c) = -34*c**2 - 10*c + 19. Let a(b) = -d(b) - 3*t(b). Determine a(q).
-5
Let c(b) = 2*b**2 + 14*b - 95. Let q(v) = 9*v**2 + 69*v - 442. Let l(m) = 14*c(m) - 3*q(m). Suppose y - 5*y = -24. What is l(y)?
-34
Let b = 894 + -893. Let p(a) = 10*a**2 - 3*a - a**3 - 4*a**2 - 4*a**2 + 2*a. Determine p(b).
0
Let q be (-20)/(-90) + 40/(-18). Let r be (-36)/45*15/q. Let t(k) = -12*k**3 + 5*k**2 + r*k**3 + 7*k**3 - 2. Give t(-3).
16
Let b be (-41)/(-123)*((-53)/(1 + -2) - 2). Let x(g) = g**2 - 20*g + 42. Calculate x(b).
-9
Let i(g) = 23468*g**2 - 23501*g**2 + g**3 + 78 - 3*g - 1. What is i(33)?
-22
Let k(d) be the first derivative of d**4/4 + 2*d**2 + 2*d + 474. Calculate k(3).
41
Let i be (-1)/2 + 130/52. Let z(g) = i*g**2 - g - g - 3*g**2 - 6*g - 8. Calculate z(-6).
4
Let f(x) = 5*x - 10 + 13 - 5. Let u(m) = 3*m + 30. Let d be u(-11). Determine f(d).
-17
Let z(i) = -i**2 - 22*i + 2. Let r(g) = -2*g + 10. Let w(a) = -2*r(a) + z(a). Determine w(-17).
-1
Let i(a) be the second derivative of -a**6/60 + 17*a**5/60 - a**4/3 - 2*a**3/3 - 205*a**2/2 - 238*a. Let k(s) be the first derivative of i(s). Calculate k(8).
-4
Let s be (-60)/45*(-258)/(-4). Let l = s + 87. Let i(d) = -9*d - 1. Calculate i(l).
-10
Let g(o) = 16*o**3 - 3*o**2 + 2*o + 3. Suppose 0 = 26*q + 67 - 113 + 72. What is g(q)?
-18
Let o = -21411/4 - -5353. Let d(h) be the second derivative of 0*h**2 + o*h**4 + 1/20*h**5 + 1/6*h**3 + 0 + 20*h. Calculate d(-3).
-3
Let w(m) = m - 28. Let l(u) = -61*u - 29. Let s(q) = l(q) - w(q). Give s(1).
-63
Let y(d) = 9*d**3 + 49*d**2 + 17*d + 21. Let z(a) = 25*a**3 + 139*a**2 + 51*a + 62. Let x(q) = -11*y(q) + 4*z(q). Let t be (-1 - (1 - 1))*16. Determine x(t).
1
Let x = -20739 + 20745. Let w(m) = m**2 + 7*m + 3. What is w(x)?
81
Let b be (1 - 3)*52/(-8). Let o = b + 7. Let s(w) = 0*w**2 - w**3 - 3*w + o*w**2 - 4 + 0*w**3 - 12*w**2. What is s(7)?
24
Let k be (48/(-15) - -2)*-5. Let o(a) = -a + 6. Let r be o(k). Let u(b) = -9*b - 533 + 14*b + 532 - 4*b. Calculate u(r).
-1
Let c(u) = 47*u**3 + u**2 + 2*u + 1. Let k be ((-9)/(-18))/((-1)/4) - -1. Let j be c(k). Let p = j + 38. Let n(m) = -m**2 - 8*m + 10. Calculate n(p).
1
Let r(a) = 8 